102).
7
Let q(w) = -3*w**3 + 87*w**2 - 610*w - 36. Calculate q(17).
-2
Let a(m) = 349*m - 559. Give a(2).
139
Let p(m) = 4*m**2 - 14*m - 3. Calculate p(6).
57
Let l(q) = 121*q - 3878. Give l(32).
-6
Let k(c) = -36*c + 1010. Determine k(27).
38
Let h(p) = -2*p**3 - 109*p**2 + 52*p - 171. Determine h(-55).
-6
Let b(g) = 2*g**2 + 144*g + 1244. Calculate b(-62).
4
Let t(b) = -b**2 + 35*b - 36. Determine t(20).
264
Let n(h) = -2*h**2 + 385*h + 779. What is n(-2)?
1
Let u(o) = -4*o + 71. What is u(20)?
-9
Let y(c) = c**3 - 13*c**2 - 14*c + 39. What is y(14)?
39
Let y(s) = 46*s + 782. Give y(-18).
-46
Let w(b) = b**3 + 18*b**2 + 40*b + 30. Determine w(-16).
-98
Let n(s) = s**3 + 369*s**2 - 51*s - 18828. Calculate n(-369).
-9
Let h(o) = 3*o**3 - 3*o**2 - 3*o - 11. Give h(3).
34
Let t(a) = a**2 - 5*a - 412. Determine t(-19).
44
Let k(h) = 7*h + 96. Give k(-22).
-58
Let n(r) = 69*r - 3987. Determine n(58).
15
Let t(j) = -16*j**2 + 153*j - 188. What is t(8)?
12
Let x(c) = 25*c - 351. Give x(14).
-1
Let g(o) = -o**2 + 35*o - 52. Give g(26).
182
Let k(q) = q**3 - 13*q**2 + 19*q + 107. Give k(7).
-54
Let f(t) = 21*t**3 - 3*t**2 + 9. Give f(2).
165
Let f(y) = 19*y**3 - 8*y**2 - 4*y + 2. Determine f(-1).
-21
Let s(z) = 18*z**2 + 3*z + 4. Determine s(1).
25
Let u(o) = o**2 + 60*o - 62. Determine u(-62).
62
Let j(a) = 8*a**2. Give j(4).
128
Let w(c) = c**2 - 68*c + 989. Determine w(45).
-46
Let p(o) = -2*o**3 + o**2 - 2*o - 1. What is p(3)?
-52
Let p(g) = 2*g**2 + 7*g - 243. Give p(-13).
4
Let w(b) = 291*b - 20. Give w(-1).
-311
Let g(m) = 107*m + 1392. Determine g(-12).
108
Let q(c) = -2*c**2 - 210*c - 9. What is q(0)?
-9
Let g(r) = -r**2 + 35*r + 507. What is g(-11)?
1
Let v(g) = -1444*g. Calculate v(0).
0
Let z(g) = g**2 + 175*g - 9637. Give z(44).
-1
Let k(j) = 2*j**2 + 9*j - 78. Calculate k(4).
-10
Let q(p) = 12*p**2 - 445*p + 6. What is q(37)?
-31
Let u(t) = -1430*t + 14324. What is u(10)?
24
Let o(y) = -y**3 + 119*y**2 - 1286*y + 220. Give o(107).
6
Let z(w) = 40*w - 232. Calculate z(7).
48
Let a(y) = y**2 - 23*y - 2970. Determine a(67).
-22
Let p(r) = -42*r**2 - 762*r - 56. Give p(-18).
52
Let j(a) = -a**2 - 253*a + 6050. Determine j(22).
0
Let k(t) = -t**3 - 6*t**2 - 9*t + 15. What is k(-3)?
15
Let s(g) = 11*g**2 - 642*g + 199. What is s(58)?
-33
Let k(q) = 9*q**2 + 97*q - 29. Calculate k(-11).
-7
Let f(h) = -h**3 - 14*h - 17. What is f(-2)?
19
Let r(q) = -q**2 + 126*q - 3189. Determine r(35).
-4
Let t(x) = -34*x + 39. What is t(0)?
39
Let h(w) = 153*w + 449. What is h(-3)?
-10
Let s(j) = 67*j + 1081. What is s(-16)?
9
Let g(v) = -v**3 - 88*v**2 + 72*v - 1223. Give g(-89).
290
Let g(c) = c**2 - 9*c - 72. Calculate g(13).
-20
Let q(l) = -174*l - 17751. What is q(-102)?
-3
Let k(i) = -3315*i + 23271. Calculate k(7).
66
Let h(w) = -4*w**2 - 15*w + 17. Calculate h(1).
-2
Let p(n) = -12*n**2 + 6*n - 7. Calculate p(2).
-43
Let o(w) = -w**3 + 79*w**2 + 7*w + 262. Calculate o(79).
815
Let m(f) = -20*f**2 + 9*f - 27. Give m(3).
-180
Let m(v) = -v**2 + 55*v - 372. What is m(8)?
4
Let c(m) = 27*m**2 + 1618*m + 1473. Calculate c(-59).
-2
Let c(u) = u**3 + 4*u**2 - 3*u - 9. What is c(-7)?
-135
Let k(i) = -i**3 + 40*i**2 - 316*i + 145. Give k(10).
-15
Let z(j) = -20*j**2 + 39*j - 39. Determine z(1).
-20
Let l(d) = 1757*d + 10498. Calculate l(-6).
-44
Let s(o) = -15*o**2 + 33*o - 6. Determine s(2).
0
Let f(d) = -74*d + 152. What is f(5)?
-218
Let f(t) = -t**3 + 8*t**2 + 82*t - 487. Determine f(11).
52
Let k(q) = -2*q - 97. Determine k(-6).
-85
Let b(p) = -426*p - 2125. Calculate b(-5).
5
Let b(i) = -i**2 + 14*i - 2. Give b(8).
46
Let a(t) = t**2 + 26*t + 119. Calculate a(-36).
479
Let i(p) = -12*p + 195. Give i(5).
135
Let i(g) = 2*g**2 + 84*g - 77. What is i(-43)?
9
Let o(n) = 5*n + 27. Calculate o(8).
67
Let i(j) = j**2 - 409*j + 10. What is i(0)?
10
Let l(u) = -u**3 + 34*u**2 - 54*u - 306. Determine l(32).
14
Let h(v) = -7*v**3 - 187*v**2 + 53*v - 38. Calculate h(-27).
-11
Let z(n) = -n**3 - 14*n**2 - 7*n - 33. Give z(-14).
65
Let l(s) = -368*s + 6626. Determine l(18).
2
Let t(j) = j**3 + 12*j**2 + 291*j + 2367. What is t(-9)?
-9
Let h(i) = 2*i**3 - 26*i**2 + 34*i + 35. Calculate h(10).
-225
Let h(w) = -w**2 + 28*w - 167. Give h(20).
-7
Let f(s) = -s**2 - 1281*s - 16405. Determine f(-13).
79
Let y(i) = -i**3 + 42*i**2 - 215*i - 21. Give y(36).
15
Let g(p) = -p**2 + 115*p + 1253. What is g(-10)?
3
Let u(g) = g**2 + 121*g - 3160. What is u(22)?
-14
Let y(o) = -38*o - 87. Give y(-3).
27
Let j(f) = -5*f**2 + 6*f - 1. Calculate j(-3).
-64
Let g(m) = -343*m - 2115. Calculate g(-6).
-57
Let u(x) = -31*x + 67. Calculate u(6).
-119
Let c(g) = -30*g**3 + 273*g**2 - 29*g + 14. What is c(9)?
-4
Let b(c) = c**2 - 60*c + 666. Calculate b(45).
-9
Let r(b) = -b**3 - 28*b**2 - 23*b - 648. Determine r(-28).
-4
Let p(m) = 144*m + 893. Determine p(-6).
29
Let x(y) = -3*y**3 + 33*y**2 - 300. Calculate x(10).
0
Let h(z) = -z**3 - 77*z**2 + 324*z + 91. Calculate h(-81).
91
Let s(f) = -4*f**2 + 299*f + 1036. Determine s(78).
22
Let b(o) = -3*o**3 + 112*o**2 - 150*o + 207. Determine b(36).
-9
Let n(q) = 73*q**3 - 730*q**2 - 2*q + 23. Determine n(10).
3
Let h(r) = r**2 - 35*r + 185. Calculate h(6).
11
Let i(t) = 3*t**2 + 222*t - 114. Determine i(-75).
111
Let u(s) = -s**3 - 8*s**2 + 63*s + 227. Give u(-12).
47
Let p(w) = w**2 - 29*w - 484. Determine p(42).
62
Let m(n) = -n**2 - 159*n - 782. Give m(-5).
-12
Let s(j) = j**3 + 2*j**2 - 11*j - 2. Give s(-5).
-22
Let s(a) = 20*a - 25. What is s(-2)?
-65
Let h(x) = -155*x - 1390. What is h(-9)?
5
Let f(g) = g**3 - 17*g**2 - 393*g - 4. Give f(-13).
35
Let w(v) = v**2 - 21*v - 31. Determine w(-7).
165
Let a(g) = -8*g**2 - 204*g - 59. Calculate a(-24).
229
Let l(i) = -i**3 - 293*i**2 - 317*i - 7303. Determine l(-292).
-3
Let s(k) = -k**3 + 19*k**2 + 75*k + 397. Determine s(23).
6
Let h(n) = 280*n + 5606. Calculate h(-20).
6
Let i(q) = 41*q - 2874. What is i(76)?
242
Let d(x) = 3*x**2 + 10*x - 43. Give d(3).
14
Let z(v) = -v**2 + 1442*v - 53. Give z(0).
-53
Let w(n) = 2964*n - 23681. Calculate w(8).
31
Let c(z) = -z**2 + 164*z - 804. Determine c(5).
-9
Let k(i) = i**3 + 33*i**2 + 970*i + 32005. What is k(-33)?
-5
Let t(q) = -2*q**3 - 13*q**2 + 34*q + 85. What is t(-8)?
5
Let z(l) = -3*l**2 + 8*l - 11. Determine z(3).
-14
Let z(q) = q**2 - 42*q + 265. Determine z(28).
-127
Let w(y) = -2*y**2 - 19*y + 16. What is w(-9)?
25
Let j(q) = 5081*q + 111765. Determine j(-22).
-17
Let g(p) = 12*p + 581. Give g(-48).
5
Let k(r) = 4*r**2 + 198*r - 635. Determine k(3).
-5
Let a(x) = x**2 + 3*x + 15. Calculate a(-7).
43
Let x(a) = 2*a**3 + 9*a**2 - 71*a - 123. Calculate x(-8).
-3
Let r(n) = -256*n - 2148. Give r(-10).
412
Let n(p) = -p - 4. What is n(-2)?
-2
Let h(f) = -7*f**2 - 558*f - 1114. Determine h(-2).
-26
Let l(i) = i**3 - 11*i**2 - 10*i - 14. Calculate l(10).
-214
Let f(r) = 305*r + 490. Determine f(-3).
-425
Let p(t) = -t**2 + 177*t + 23318. What is p(-88)?
-2
Let y(g) = -114*g - 1295. Give y(-12).
73
Let z(q) = -q**3 + 45*q**2 + 2. Calculate z(45).
2
Let q(p) = p**3 + 4*p**2 + p - 5. Calculate q(-4).
-9
Let n(g) = -3*g**3 - 172*g**2 + 478*g - 117. What is n(-60)?
3
Let t(w) = -20*w - 44. Give t(-23).
416
Let u(m) = m**3 - 24*m**2 + 87*m - 6. Calculate u(14).
-748
Let x(t) = 2*t**2 - 25*t + 70. Calculate x(6).
-8
Let d(v) = -64*v + 2553. Determine d(40).
-7
Let l(o) = -o**3 + 10*o**2 + o + 123. Calculate l(11).
13
Let n(h) = h**3 - 26*h**2 + 121*h + 94. What is n(19)?
-134
Let s(c) = 697*c + 8242. Give s(-12).
-122
Let t(l) = -207*l + 435. Calculate t(2).
21
Let l(r) = 322*r + 5407. What is l(-17)?
-67
Let j(m) = -204*m - 3283. What is j(-16)?
-19
Let b(z) = -944*z + 4713. Determine b(5).
-7
Let k(c) = -c**3 - 20*c**2 - 23*c + 38. Calculate k(-19).
114
Let h(b) = 13*b + 59. What is h(-9)?
-58
Let b(c) = 85*c - 1328. Determine b(18).
202
Let o(q) = -q**2 - 78*q + 256. Calculate o(-81).
13
Let t(d) = -7*d**2 - 35*d - 32. Calculate t(-3).
10
Let g(v) = -315*v - 1910. Determine g(-6).
-20
Let m(t) = -2*t**2 + 1921*t + 15502. Calculate m(-8).
6
Let a(x) = -40*x - 980. Give a(-21).
-140
Let u(c) = -c**2 - 29*c + 1350. Determine u(26).
-80
Let q(p) = 25*p**3 + 3*p**2 - 7*p + 2. Give q(-1).
-13
Let x(g) = 6*g**2 + 50*g - 106. Calculate x(2).
18
Let l(w) = -